{"id":104,"date":"2018-01-17T13:38:46","date_gmt":"2018-01-17T12:38:46","guid":{"rendered":"http:\/\/bernarduchene.org\/?page_id=104"},"modified":"2019-03-10T15:57:18","modified_gmt":"2019-03-10T14:57:18","slug":"coupes","status":"publish","type":"page","link":"https:\/\/bernarduchene.org\/index.php\/coupes\/","title":{"rendered":"Coupes"},"content":{"rendered":"<h2>Les coupes de mes humeurs.<\/h2>\n<p>&nbsp;<\/p>\n<figure id=\"attachment_222\" aria-describedby=\"caption-attachment-222\" style=\"width: 2000px\" class=\"wp-caption aligncenter\"><img loading=\"lazy\" decoding=\"async\" class=\"zoooom wp-image-222 size-full\" src=\"https:\/\/bernarduchene.org\/wp-content\/uploads\/2018\/01\/Coupe-aux-entailles-3.jpg\" alt=\"\" width=\"2000\" height=\"2529\" srcset=\"https:\/\/bernarduchene.org\/wp-content\/uploads\/2018\/01\/Coupe-aux-entailles-3.jpg 2000w, https:\/\/bernarduchene.org\/wp-content\/uploads\/2018\/01\/Coupe-aux-entailles-3-237x300.jpg 237w, https:\/\/bernarduchene.org\/wp-content\/uploads\/2018\/01\/Coupe-aux-entailles-3-768x971.jpg 768w, https:\/\/bernarduchene.org\/wp-content\/uploads\/2018\/01\/Coupe-aux-entailles-3-810x1024.jpg 810w\" sizes=\"(max-width: 767px) 89vw, (max-width: 1000px) 54vw, (max-width: 1071px) 543px, 580px\" \/><figcaption id=\"caption-attachment-222\" class=\"wp-caption-text\">Coupe aux entailles<\/figcaption><\/figure>\n<p>&nbsp;<\/p>\n<figure id=\"attachment_219\" aria-describedby=\"caption-attachment-219\" style=\"width: 226px\" class=\"wp-caption aligncenter\"><img loading=\"lazy\" decoding=\"async\" class=\"zoooom wp-image-219 size-medium\" src=\"https:\/\/bernarduchene.org\/wp-content\/uploads\/2018\/01\/Coupe-de-vie-1-2-226x300.jpg\" alt=\"\" width=\"226\" height=\"300\" srcset=\"https:\/\/bernarduchene.org\/wp-content\/uploads\/2018\/01\/Coupe-de-vie-1-2-226x300.jpg 226w, https:\/\/bernarduchene.org\/wp-content\/uploads\/2018\/01\/Coupe-de-vie-1-2-768x1019.jpg 768w, https:\/\/bernarduchene.org\/wp-content\/uploads\/2018\/01\/Coupe-de-vie-1-2-772x1024.jpg 772w\" sizes=\"(max-width: 226px) 100vw, 226px\" \/><figcaption id=\"caption-attachment-219\" class=\"wp-caption-text\">Coupe v\u00e9g\u00e9tale<\/figcaption><\/figure>\n<p>&nbsp;<\/p>\n<div id=\"sa_slider_shortcode\" style=\"text-align: center;\">\r\n\t\t\t\t\t\n\r\n\t\t\t\t\t<!-- START UNITE GALLERY 1.7.62 -->\r\n\t\t\t\t\t\r\n\t\t\t\t\n\t\t\t<div id='unitegallery_1_1' class='unite-gallery' style='margin:0px auto;'>\n\t\t\t\t\n\n\t\t\t\t\t\t<img alt=\"Coupe n\u00b01\"\n\t\t\t\t\t\t     src=\"\" data-image=\"https:\/\/bernarduchene.org\/wp-content\/uploads\/2018\/01\/Coupe-no-1.jpg\"\n\t\t\t\t\t\t     data-thumb=\"https:\/\/bernarduchene.org\/wp-content\/uploads\/2018\/01\/Coupe-no-1-300x298.jpg\"\n\t\t\t\t\t\t     title=\"\"\n\t\t\t\t\t\t     style=\"display:none\">\n\n\t\t\t\t\t\t<img alt=\"Coupe aux entailles\"\n\t\t\t\t\t\t     src=\"\" data-image=\"https:\/\/bernarduchene.org\/wp-content\/uploads\/2018\/01\/Coupe-aux-entailles-2.jpg\"\n\t\t\t\t\t\t     data-thumb=\"https:\/\/bernarduchene.org\/wp-content\/uploads\/2018\/01\/Coupe-aux-entailles-2-237x300.jpg\"\n\t\t\t\t\t\t     title=\"\"\n\t\t\t\t\t\t     style=\"display:none\">\n\n\t\t\t\t\t\t<img alt=\"Coupe v\u00e9tg\u00e9tale d\u00e9tail\"\n\t\t\t\t\t\t     src=\"\" data-image=\"https:\/\/bernarduchene.org\/wp-content\/uploads\/2018\/01\/Coupe-de-vie-1-2.jpg\"\n\t\t\t\t\t\t     data-thumb=\"https:\/\/bernarduchene.org\/wp-content\/uploads\/2018\/01\/Coupe-de-vie-1-2-226x300.jpg\"\n\t\t\t\t\t\t     title=\"\"\n\t\t\t\t\t\t     style=\"display:none\">\n\n\t\t\t\t\t\t<img alt=\"Coupe v\u00e9g\u00e9tale\"\n\t\t\t\t\t\t     src=\"\" data-image=\"https:\/\/bernarduchene.org\/wp-content\/uploads\/2018\/01\/Coupentete_02.jpg\"\n\t\t\t\t\t\t     data-thumb=\"https:\/\/bernarduchene.org\/wp-content\/uploads\/2018\/01\/Coupentete_02-300x172.jpg\"\n\t\t\t\t\t\t     title=\"\"\n\t\t\t\t\t\t     style=\"display:none\">\n\n\t\t\t\t\t\t<img alt=\"Coupe de vie 92x73\"\n\t\t\t\t\t\t     src=\"\" data-image=\"https:\/\/bernarduchene.org\/wp-content\/uploads\/2019\/03\/Coupe-de-vie-92x73.jpg\"\n\t\t\t\t\t\t     data-thumb=\"https:\/\/bernarduchene.org\/wp-content\/uploads\/2019\/03\/Coupe-de-vie-92x73-232x300.jpg\"\n\t\t\t\t\t\t     title=\"\"\n\t\t\t\t\t\t     style=\"display:none\">\n\t\t\t<\/div>\n\n\t\t\t<script type='text\/javascript'>\n\t\t\t\twindow.onload = function(e) {\n\t\t\t\t\tif(typeof ugCheckForErrors == \"undefined\"){\n\t\t\t\t\t\tdocument.getElementById(\"unitegallery_1_1\").innerHTML = \"<span style='color:red'>Unite Gallery Error - gallery js and css files not included in the footer. Please make sure that wp_footer() function is added to your theme.<\/span>\";}\n\t\t\t\t\telse{ ugCheckForErrors(\"unitegallery_1_1\", \"jquery\");}\n\t\t\t\t};\n\t\t\t<\/script>\n\n\t\t\t<!-- END UNITEGALLERY --><\/div>\n<div id=\"sa_shortcode_copy\" class=\"button button-secondary\"><\/div>\n<h1><\/h1>\n","protected":false},"excerpt":{"rendered":"<p>Les coupes de mes humeurs. &nbsp; &nbsp; &nbsp;<\/p>\n","protected":false},"author":2,"featured_media":237,"parent":0,"menu_order":1,"comment_status":"closed","ping_status":"closed","template":"","meta":{"footnotes":""},"_links":{"self":[{"href":"https:\/\/bernarduchene.org\/index.php\/wp-json\/wp\/v2\/pages\/104"}],"collection":[{"href":"https:\/\/bernarduchene.org\/index.php\/wp-json\/wp\/v2\/pages"}],"about":[{"href":"https:\/\/bernarduchene.org\/index.php\/wp-json\/wp\/v2\/types\/page"}],"author":[{"embeddable":true,"href":"https:\/\/bernarduchene.org\/index.php\/wp-json\/wp\/v2\/users\/2"}],"replies":[{"embeddable":true,"href":"https:\/\/bernarduchene.org\/index.php\/wp-json\/wp\/v2\/comments?post=104"}],"version-history":[{"count":18,"href":"https:\/\/bernarduchene.org\/index.php\/wp-json\/wp\/v2\/pages\/104\/revisions"}],"predecessor-version":[{"id":764,"href":"https:\/\/bernarduchene.org\/index.php\/wp-json\/wp\/v2\/pages\/104\/revisions\/764"}],"wp:featuredmedia":[{"embeddable":true,"href":"https:\/\/bernarduchene.org\/index.php\/wp-json\/wp\/v2\/media\/237"}],"wp:attachment":[{"href":"https:\/\/bernarduchene.org\/index.php\/wp-json\/wp\/v2\/media?parent=104"}],"curies":[{"name":"wp","href":"https:\/\/api.w.org\/{rel}","templated":true}]}}